= 2*b + 30. Let x be w(b). What is the greatest common divisor of l and x?
17
Let b(u) = -40*u - 6. Let x be b(-6). Let h = 354 - x. Let k be (2 - -15) + -3 + 1. What is the greatest common divisor of k and h?
15
Let w(g) = 10*g - 1. Let k be w(2). Calculate the highest common factor of k and 209.
19
Suppose 4*v + 7 = 31. What is the greatest common divisor of 36 and v?
6
Let x = -2 - 0. Let b(k) = -4*k. Let d be b(x). Suppose 0 = -2*a + m + 75, -4*m = -5*a - 7*m + 215. Calculate the greatest common factor of d and a.
8
Let d be 6 + (-3 - 1) + 1. Suppose -114 = -d*p + 21. Suppose -4*c + 24 = -48. Calculate the greatest common factor of c and p.
9
Suppose t = -5*d - 454, d = -d + 5*t - 160. Let n be 20/d + 688/18. Calculate the greatest common factor of n and 95.
19
Suppose -s = 4*v - 293, 5*v = s + v - 277. What is the highest common divisor of s and 57?
57
Suppose 8*u = 7*u + 13. Calculate the greatest common divisor of u and 13.
13
Let w be 3/12 - 930/(-24). What is the greatest common factor of w and 13?
13
Let q(n) = -7*n - 11. Let r(l) = 15*l + 22. Let i(j) = -13*q(j) - 6*r(j). Let h be i(-10). What is the greatest common divisor of 7 and h?
1
Suppose -5*j - 656 = -4*t, 0*t + 2*t - 326 = 3*j. Let d = t + -121. Let z be 20 + (209/(-55) - (-1)/(-5)). Calculate the greatest common divisor of d and z.
16
Let y = 63 + -37. What is the greatest common divisor of 39 and y?
13
Let r be -1 + 2 + 0 + 15. Let m(w) = -w**2 + 31 - w - 12 + 21. Let x be m(0). What is the greatest common divisor of x and r?
8
Suppose 4*c - 2*m - 28 = -7*m, 5*m - 10 = 5*c. Let x be (-9)/((-1)/c*1). Calculate the highest common divisor of x and 6.
6
Let t be (-1)/5 - 31/(-5). Let n be 2/(-3)*(-153)/t. Suppose n = -4*r + 61. What is the greatest common factor of r and 55?
11
Let p(r) = -r**2 - 4*r - 4. Let o be p(6). Let k = 94 + o. Calculate the highest common divisor of 15 and k.
15
Let n(q) = 7*q + 0*q**2 + 7*q**2 - 2*q**2 + q - 6. Let h be n(-7). Let o = -78 + h. Calculate the greatest common divisor of o and 15.
15
Suppose 2*h = h + 5*c + 95, -2*h + 160 = -4*c. Let i be h/22 - (-10)/(-55). Suppose 3*n = 72 + i. Calculate the highest common divisor of 5 and n.
5
Let f = -107 + 152. Let n(r) = -6*r**3 - 3*r**2 + 1. Let z be n(-2). Let i = z - 22. Calculate the greatest common divisor of f and i.
15
Suppose -5*f + 10 = w + 4*w, 3*f - w = 10. Let d be (2 - (-28 + -2)) + 1. Calculate the highest common factor of d and f.
3
Suppose 2*x - 3*w - 366 = -2*x, w = -2. Suppose 3*o = -2*m + 43, -4*m - 19 = 2*o - 3*o. What is the highest common factor of x and o?
15
Suppose 0 = -0*u + u - 85. Suppose -5*f = -3*b + 72, 5*b - 3*f = 19 + u. What is the highest common factor of 57 and b?
19
Let l = -10 - -21. Suppose -4*p = 4*t, 9 = 4*t - 0*p - 5*p. Calculate the greatest common divisor of l and t.
1
Let l(m) = -m**3 + 4*m**2 + 5. Let j be l(4). Suppose 40 + 25 = j*g. Let f = 183 - 66. Calculate the highest common factor of f and g.
13
Let z be 8/52 - (-50)/13. Let c be 4 + z*2/(-4). Calculate the highest common factor of c and 8.
2
Suppose 4*a - 8 = 3*a + 2*u, -a + 5*u + 5 = 0. Let l be ((-66)/(-4) - -1)*4. What is the highest common divisor of l and a?
10
Let w = 0 + 3. Suppose -w*y - 6 = -18. Suppose -y*n + 4*f = 8*f - 24, 10 = 5*f. Calculate the highest common factor of 20 and n.
4
Suppose -17*v + 1350 = -7*v. Calculate the greatest common divisor of v and 15.
15
Let m be -2*(-1 + (-18)/4). Let r(c) = -3*c**2 + 5*c**2 + c + 3 + 3*c. Let t be r(6). What is the greatest common factor of m and t?
11
Let i(x) = 2*x**2 - 2*x + 1. Let h be ((-4)/3)/((-4)/6). Let z be i(h). Calculate the highest common factor of 45 and z.
5
Suppose s = 2*t - 42, -2*t - 2 + 60 = 3*s. What is the greatest common divisor of t and 92?
23
Suppose a - 4*n - 41 = 0, 29 - 188 = -3*a + 3*n. What is the greatest common divisor of 38 and a?
19
Let z(x) = x. Let r(g) = g**2 + 4*g - 1. Let c(y) = -r(y) - z(y). Let h be c(-4). Calculate the highest common divisor of 15 and h.
5
Suppose 5*s = -5, 4*s = 2*k - 4 - 14. Let f be 1 + 1 - 21 - 0. Let u = f - -54. Calculate the highest common divisor of k and u.
7
Let x(d) = -4 - d + 18 + 13. Let f be x(0). Let m(t) = -4*t + 2. Let p be m(-4). Calculate the greatest common factor of f and p.
9
Suppose 2*h + 3*l + 12 = 7*l, h + 3*l = 14. Suppose -3*r + h*r = -55. Calculate the highest common divisor of 5 and r.
5
Suppose -7 = -2*r - 3. Calculate the highest common divisor of r and 14.
2
Let c = 391 + -256. What is the greatest common divisor of 9 and c?
9
Suppose -8*x + 5*x = 2*p - 5, -x - 3 = 0. Suppose 3*s = 3*t + 2 + 4, -4*s = -t - 5. Calculate the highest common factor of p and s.
1
Suppose -4*m + 12*x - 13*x = -196, -2*x - 8 = 0. What is the greatest common factor of m and 10?
10
Suppose -4 = -2*r, 0 = -2*b + r - 2*r + 54. Suppose 0 = 5*i - 2*d - 0*d - 21, -4*d = -3*i + 21. Let h = i - -10. What is the greatest common divisor of b and h?
13
Let h = -5 - -48. Let a = h - 31. Calculate the highest common divisor of 132 and a.
12
Let w(h) = 39*h - 4. Let c be w(8). Calculate the highest common factor of c and 28.
28
Suppose -25 = 2*b - 9. Let k be (-160)/b*(2 - 0). What is the greatest common divisor of k and 5?
5
Let q(a) = -16*a + 52. Let o(k) = -k + 3. Let t(b) = 104*o(b) - 6*q(b). Let f be t(-6). Calculate the greatest common divisor of 6 and f.
6
Let q be 4/14 + (-3582)/42. Suppose 3*x = 5*n - 26 + 9, 0 = 4*x + 3*n + 13. Let y = x - q. Calculate the greatest common factor of 9 and y.
9
Suppose -5*a - 5*q = -205, 33 + 8 = a - 2*q. Suppose i - 74 = 2*x, -x - a - 3 = -4*i. Let y = x + 64. What is the highest common factor of y and 7?
7
Let n(a) = -5*a - 2. Let f be n(-2). Let s = 53 - f. Let j(r) = r**2 + 10*r - 6. Let w be j(-11). What is the greatest common factor of w and s?
5
Suppose 4*t - 1146 = -266. Let b be 5/35 + (-139)/(-7). Calculate the greatest common divisor of t and b.
20
Let h = 0 + 70. What is the highest common divisor of 42 and h?
14
Suppose -7 = -5*o - 2. Suppose -13 = -4*h + 3. What is the greatest common factor of o and h?
1
Let y = -9 + 13. Suppose -3*r = -4*p - 124, 0 = 2*r + 5*p + 3 - 124. Let c be r/(-10)*40/(-6). What is the greatest common divisor of y and c?
4
Let p(z) = -8*z + 28. Let w be p(2). Calculate the greatest common divisor of 96 and w.
12
Let j be 57*((-70)/(-15) + -3). What is the highest common factor of 38 and j?
19
Suppose -3*u + 0*j = j - 42, -4*u + 56 = -3*j. Calculate the highest common divisor of u and 196.
14
Suppose 5*d - 880 = -0*d. Calculate the greatest common divisor of d and 16.
16
Suppose 17*y + 2*y = 76. Calculate the greatest common divisor of 16 and y.
4
Let o = -33 + 85. Suppose -3*r - 4*w = -o, 14 = -4*w - 6. Calculate the highest common divisor of 12 and r.
12
Suppose 0 = 4*q - 14 - 98. Calculate the greatest common factor of q and 112.
28
Let h = 15 - 26. Let j(r) = -r**2 - 12*r - 5. Let c be j(h). What is the highest common factor of c and 2?
2
Let j be ((-35)/20)/(6/(-96)). Let t(q) = -18*q + 3. Let r be t(-4). Suppose -2*d + 65 + r = 0. What is the highest common divisor of j and d?
14
Suppose -2*y + 88 = 4*r, -r + 0*r = 3*y - 157. Suppose -4*l - 112 = -0*t + 3*t, 2*t = l - 60. Let w = t + y. Calculate the highest common divisor of w and 66.
22
Suppose -4*g = -11 - 1. Let i be (3 - 2) + g - -1. Suppose -i*s + 13 = -187. What is the greatest common divisor of 4 and s?
4
Let y(p) = -p + 28. Let u be y(0). Let v(a) = -a**2 - 18*a - 3. Let d be v(-17). Calculate the greatest common factor of u and d.
14
Let l(v) = -2 + 3*v**2 + 4*v + v**3 - 4*v**2 - 2*v. Let g be 35/11 + 2/(-11). Let x be l(g). Calculate the greatest common factor of x and 11.
11
Suppose 4*g = -u + 64, 0 = -5*g + g. What is the greatest common divisor of 16 and u?
16
Let c = 57 - 25. Suppose -5*y = r - 176, 4*y = 5*y + r - c. Calculate the highest common divisor of 90 and y.
18
Let k be (-26)/6 + (-2)/3. Let f = k - -9. Let s be (-196)/(-6) - f/(-12). Calculate the greatest common factor of 11 and s.
11
Let m be (-5300)/(-70) + (-2)/(-7). Let h = -19 + m. What is the greatest common divisor of 38 and h?
19
Let x(a) be the first derivative of a**4/4 - 13*a**3/3 + 7*a**2 + a - 2. Let c be x(12). What is the highest common factor of c and 10?
5